s be (18/(-15))/(u/(-60)). Calculate the greatest common divisor of s and 24.
12
Let m(i) = -i**2 - 16*i - 9. Let c be m(-13). Let v be ((-36)/c)/((-2)/5). Calculate the highest common factor of v and 9.
3
Let j(u) = 3*u**3 - 4*u**2 + 7*u + 5. Let d(s) = -s**3 + s**2 - 1. Let w(q) = -5*d(q) - j(q). Let t be w(3). What is the highest common factor of 108 and t?
12
Let b = -106 - -174. Suppose -z - 12 = -0*r - 3*r, -2*z - 19 = -5*r. Let y(u) = u**2 - u - 3. Let s be y(r). What is the highest common factor of s and b?
17
Let s = 2 - -75. Let d = -28 + 39. What is the highest common divisor of s and d?
11
Suppose 7*z = 10*z + 264. Let o be z/(-4) + (4 - 8). Suppose o*n + 12 = 20*n. What is the highest common divisor of n and 48?
6
Let j = 5 + -3. Suppose 0 = 2*w + j*w - 544. Let a = 130 + -96. What is the highest common divisor of a and w?
34
Let b(k) = 8*k**2 - 12*k + 30. Let d be b(4). Calculate the greatest common divisor of 506 and d.
22
Let f(x) = -x**2 - 15*x + 22. Let v be f(-17). Let w be 57/v*-2 - (-9)/(-6). Calculate the highest common divisor of 24 and w.
8
Suppose -4*l = -0*j + 2*j - 1058, -l - 2134 = -4*j. Let x = j - 323. Suppose 5*z - 40 = x. Calculate the highest common factor of z and 10.
10
Suppose 0 = -95*j + 3061 + 4254. Calculate the greatest common factor of 99 and j.
11
Let d be -2 + 352 + 8 + -1. What is the highest common factor of 238 and d?
119
Suppose -m = -5*m - 5*s + 25, -3*m + 4*s = -42. Suppose -57 = -5*a - 7. What is the greatest common factor of m and a?
10
Let l be (-5716)/(-10) - 10/(-25). What is the highest common divisor of 52 and l?
52
Suppose 4*k + 2*s - 76 = 0, -3*s = 6 - 0. Calculate the highest common factor of 190 and k.
10
Let v be 1/(((-5)/69)/(-5)). Let o be 4 + -15 + (-7 - -41). Calculate the greatest common divisor of o and v.
23
Suppose 0 = -25*q + 37*q - 1164. Calculate the highest common factor of q and 776.
97
Let p be -2*((-52)/8 + 3 + -3). Let v be 93/p - (-4)/(-26). Suppose -616 = -5*m - 231. Calculate the greatest common divisor of v and m.
7
Let g(i) = i**2 + 9*i + 3. Let a be g(-9). Suppose 0 = -3*l - 3*c + 39, -3*l + c + 43 = a*c. What is the greatest common divisor of 17 and l?
17
Suppose 0*d - 2*c = 3*d - 28, 4*d + 2*c = 38. Suppose 5*t + 7 = 32. Calculate the highest common divisor of d and t.
5
Let f(j) = j**2 + j - 7. Let y be f(-5). Let q = -10 + y. Let h be (-21)/(q/6*-2). What is the greatest common factor of h and 21?
21
Suppose 47154 = -160*o + 189*o. Calculate the highest common divisor of 12 and o.
6
Suppose 3*f + 5*k - 94 = 7*k, -6 = 3*k. What is the highest common divisor of f and 35?
5
Suppose -5*m - 261 = -331. What is the greatest common factor of 301 and m?
7
Suppose -140 = -0*q - 4*q. Let k = 12 + -7. Suppose -3*d + k = -10. Calculate the highest common divisor of q and d.
5
Let k(z) = 3*z. Let r be k(6). Let u(y) = 6*y**2 + y - 1. Let l be u(1). Suppose -p = -l - 12. What is the highest common divisor of r and p?
18
Suppose 86 + 106 = 8*z. What is the greatest common divisor of z and 4536?
24
Suppose 5*n = 2*x - 80, -n - 3*x - 5 = 11. Let y be n/4 + -4 + 320. Let l(g) = 24*g - 9. Let s be l(2). What is the greatest common divisor of y and s?
39
Let x = 13 + 6. Let f = -46 + 50. Suppose f*s + 4*u = 320, 8 = -5*s + 2*u + 380. Calculate the greatest common factor of x and s.
19
Let h = 105 + -35. What is the greatest common divisor of h and 56?
14
Let w be 12*(5/3 + 1). Let d be -1 + ((-4)/(-2) - 85). Let y be (-216)/d*56/3. Calculate the greatest common divisor of y and w.
16
Let u = 299 + -245. Calculate the highest common factor of u and 54.
54
Let w be (-160)/(-3) + (-4)/(-6). Suppose o + 37 = -w. Let u = 26 - o. What is the highest common divisor of 13 and u?
13
Suppose s - 2*s - 10 = 0. Let f = -2090 + 3388. Let r be (-4)/s - f/(-55). What is the highest common divisor of r and 60?
12
Suppose 0*z - 21 = 3*z. Let m(l) = 91*l**2 - 81*l**2 - 6 + 12 + l**3 + 9*l. Let t be m(z). What is the highest common divisor of 18 and t?
18
Let c = -70 + 74. Suppose n - 3 = 0, -n + 33 = c*s - 6*n. Calculate the greatest common factor of s and 8.
4
Let y(n) = 18*n**2 + 2*n + 1. Let x be y(2). Let o = x - 14. Let k = -19 - -26. What is the highest common divisor of o and k?
7
Let i(c) = c**3 - 13*c**2 + 22*c + 8. Suppose -5*s + 3*s = -3*n - 19, -2*n = -3*s + 31. Let b be i(s). What is the greatest common divisor of b and 32?
8
Let t(b) = -1 - 8*b + 6*b**2 - 2*b**2 - 6 + b**3. Let a be t(-5). Suppose -74 = -3*l - a. Calculate the greatest common factor of 88 and l.
22
Suppose 476 = 5*g + 72*t - 70*t, -2*t = -g + 100. Calculate the highest common divisor of 204 and g.
12
Let v = -3 - -8. Suppose -v*i = -4*p + 55, -i = -5*p - 3*i + 110. Let y = p - -1. What is the highest common divisor of 14 and y?
7
Let x be (-3)/(-5) - (-216)/40. Calculate the greatest common factor of 6 and x.
6
Suppose 4*w - 616 = 2*i, 7*w + 3*i - 636 = 3*w. Calculate the greatest common factor of 12 and w.
12
Let p be 2 - ((-2)/(-4))/((-20)/4600). Let q = 26 + -13. What is the greatest common factor of q and p?
13
Suppose -6*d - 186 = -456. Suppose -b = 4*k - 119, 1 = -b - 0. What is the greatest common factor of k and d?
15
Let h be 2/5 + 13/5. Suppose -h*l = 9 - 33. Let b = 15 - 7. Calculate the greatest common divisor of b and l.
8
Let i = -24 + 79. Let o = -41 + 96. Let d be ((-484)/o)/((-34)/10 - -3). What is the greatest common factor of d and i?
11
Let q be 5 + -1 - (0 + 1). Suppose -33 = -3*d - q. What is the greatest common divisor of 50 and d?
10
Let g be 0 + 8 - 3 - 3. Suppose 5*t + 440 = -5*o, -t = g*t. Let y be o/(-14) + (-6)/21. What is the highest common divisor of 2 and y?
2
Suppose 35 = 8*p - 61. What is the highest common factor of 30 and p?
6
Suppose -658 = -17*a - 46. Calculate the greatest common factor of a and 45.
9
Let u be -5 + (3 - -1)*1. Let c be u*((-5)/2)/(-5)*-56. What is the greatest common divisor of c and 168?
28
Let i = -16 - -20. Let k be ((-6)/(2 - i))/1. Calculate the greatest common divisor of 12 and k.
3
Let l be -11*11/((-33)/6). Let g be 2*(41 + 3)/1. Suppose f = 3*f - g. What is the highest common factor of f and l?
22
Suppose 638 = 13*z - 1052. What is the greatest common factor of z and 50?
10
Let a be (76/(-7))/((-114)/399). Calculate the greatest common divisor of a and 133.
19
Suppose 0 = 5*x - 3*f - 22, 6*x = 5*x + 5*f. Calculate the greatest common divisor of 20 and x.
5
Let d(y) = 16*y**2 - 1. Let j be (2 + -4)*(-4)/8. Let g be d(j). What is the greatest common divisor of g and 135?
15
Suppose -69 = -5*q + 4*t, 3 = 3*q + 4*t - 32. Suppose 171 = 3*l + 60. Let h be 18/8 + (-2)/8 + l. What is the greatest common factor of q and h?
13
Let f = 11 + 28. Let u = 43 - 30. What is the greatest common divisor of u and f?
13
Suppose -a + 25 = r, -2*r + 4*r - 4*a - 62 = 0. Let j = r + -11. Suppose 53 + 19 = 3*m. What is the greatest common factor of m and j?
8
Let u(a) = -3*a**2 + 17*a + 14. Let p(y) = -8*y**2 + 50*y + 43. Let b(r) = 4*p(r) - 11*u(r). Let f be b(-12). Calculate the greatest common divisor of 30 and f.
6
Let c(x) = x - 5. Let q be c(7). Suppose 0 = 9*r - 89 + 89. Suppose q*f - 80 = -r*f. Calculate the greatest common factor of 5 and f.
5
Let c(n) = -n**3 + 8*n**2 + 2*n - 16. Let p be c(7). Let h = -36 + p. What is the highest common factor of h and 99?
11
Suppose -s - 14 = -74. Suppose 18*x - 2006 = -386. Calculate the greatest common factor of x and s.
30
Suppose -152 - 98 = -3*l + 5*x, 5*l - 2*x = 404. What is the highest common divisor of l and 88?
8
Suppose z - 5 = 2*f - 15, 3*f - z - 16 = 0. Let t(s) = -4*s - 3. Let w be t(-3). Let j = w - 3. What is the highest common divisor of f and j?
6
Suppose -2*q + 35 = 11. Suppose -5*y = -252 - 228. What is the highest common factor of y and q?
12
Let w = -7856 + 7886. Let l be (-2)/(-8) - (-177)/12. Calculate the greatest common divisor of l and w.
15
Let r be 1*-4 - (-77)/11. Suppose -3*k - 37 = 2*y, y + r*y = -3*k - 77. Let m = y - -45. What is the highest common divisor of m and 100?
25
Let t be (-22 - 5) + -1 + -2. Let j be 5/(t/3)*-22. Calculate the highest common factor of 22 and j.
11
Let o be 21 - (66/18*3 + -5). What is the greatest common divisor of o and 125?
5
Suppose 5*x - 5*b = 1150, -3*b = -x -